 to base 4.
10
What is -33 (base 8) in base 3?
-1000
32 (base 16) to base 10
50
Convert -4 (base 14) to base 10.
-4
Convert 5d (base 16) to base 2.
1011101
5 (base 15) to base 16
5
-5 (base 11) to base 16
-5
What is -16e (base 16) in base 11?
-303
-4 (base 10) to base 6
-4
Convert 133 (base 4) to base 14.
23
64 (base 10) to base 6
144
-45 (base 15) to base 12
-55
Convert 3 (base 5) to base 2.
11
-11 (base 5) to base 3
-20
Convert 0 (base 16) to base 2.
0
322 (base 9) to base 10
263
Convert -1 (base 9) to base 14.
-1
1100010 (base 2) to base 14
70
What is -201 (base 3) in base 9?
-21
7 (base 10) to base 7
10
What is d (base 16) in base 5?
23
What is 42 (base 7) in base 5?
110
Convert -8 (base 11) to base 12.
-8
What is 4 (base 6) in base 7?
4
Convert 100 (base 2) to base 9.
4
What is -11100 (base 2) in base 14?
-20
Convert 1 (base 6) to base 7.
1
What is 111100 (base 2) in base 12?
50
What is 2 (base 10) in base 12?
2
What is -4 (base 8) in base 2?
-100
What is -46 (base 13) in base 8?
-72
What is -49 (base 14) in base 13?
-50
-3 (base 6) to base 11
-3
What is 6 (base 11) in base 16?
6
Convert -4 (base 13) to base 6.
-4
110 (base 4) to base 8
24
What is -3 (base 10) in base 16?
-3
-3 (base 8) to base 14
-3
Convert -15 (base 10) to base 14.
-11
What is 1000 (base 2) in base 12?
8
Convert -3200 (base 4) to base 10.
-224
Convert 111 (base 2) to base 5.
12
What is -32 (base 7) in base 12?
-1b
Convert 313 (base 4) to base 16.
37
Convert -8 (base 13) to base 14.
-8
-12 (base 13) to base 8
-17
What is 0 (base 3) in base 10?
0
Convert -28 (base 9) to base 10.
-26
What is -3 (base 8) in base 11?
-3
0 (base 13) to base 5
0
What is -2 (base 3) in base 13?
-2
What is -15 (base 7) in base 9?
-13
What is -16 (base 13) in base 12?
-17
-4 (base 12) to base 16
-4
What is 5 (base 12) in base 4?
11
What is 260 (base 11) in base 12?
218
What is -110 (base 2) in base 11?
-6
Convert -1 (base 10) to base 2.
-1
Convert 11 (base 4) to base 2.
101
12 (base 6) to base 15
8
-110000 (base 2) to base 13
-39
2 (base 11) to base 3
2
What is -52 (base 9) in base 13?
-38
What is 22202 (base 3) in base 13?
152
What is -91 (base 10) in base 7?
-160
343 (base 5) to base 14
70
20 (base 14) to base 7
40
What is -29 (base 11) in base 14?
-23
9 (base 12) to base 13
9
What is 0 (base 7) in base 15?
0
Convert -4 (base 7) to base 8.
-4
Convert 1 (base 8) to base 9.
1
What is 4 (base 9) in base 12?
4
-6 (base 14) to base 11
-6
-94 (base 15) to base 14
-9d
160 (base 8) to base 4
1300
Convert -2 (base 12) to base 7.
-2
Convert 104 (base 11) to base 2.
1111101
Convert -7 (base 14) to base 13.
-7
What is -66 (base 15) in base 9?
-116
What is 2 (base 14) in base 11?
2
Convert -21 (base 11) to base 3.
-212
What is 0 (base 7) in base 6?
0
What is 4 (base 9) in base 13?
4
Convert -111 (base 15) to base 13.
-157
Convert -24 (base 6) to base 14.
-12
413 (base 6) to base 9
180
Convert -1222 (base 3) to base 16.
-35
What is 0 (base 14) in base 16?
0
30 (base 4) to base 2
1100
Convert -12 (base 8) to base 13.
-a
Convert 164 (base 7) to base 4.
1133
Convert 21 (base 11) to base 2.
10111
0 (base 13) to base 12
0
Convert 2 (base 3) to base 4.
2
-2 (base 11) to base 7
-2
What is 13 (base 4) in base 14?
7
What is 10 (base 6) in base 12?
6
Convert 3 (base 9) to base 13.
3
204 (base 5) to base 13
42
What is -39 (base 15) in base 11?
-4a
What is d (base 16) in base 5?
23
Convert 11010 (base 2) to base 9.
28
Convert 11 (base 8) to base 16.
9
3 (base 7) to base 9
3
0 (base 13) to base 5
0
-8 (base 16) to base 8
-10
Convert 387 (base 9) to base 10.
322
What is -15 (base 9) in base 2?
-1110
What is -11 (base 5) in base 12?
-6
d9 (base 16) to base 7
430
Convert -101 (base 2) to base 16.
-5
32 (base 5) to base 10
17
Convert -105 (base 6) to base 11.
-38
What is 10010 (base 2) in base 4?
102
3 (base 9) to base 7
3
-8 (base 15) to base 2
-1000
210 (base 3) to base 13
18
Convert -8 (base 16) to base 3.
-22
-20 (base 13) to base 7
-35
-2 (base 7) to base 12
-2
Convert -1 (base 10) to base 5.
-1
What is 5 (base 12) in base 2?
101
314 (base 6) to base 5
433
Convert 0 (base 16) to base 6.
0
What is 3 (base 12) in base 7?
3
Convert 8 (base 11) to base 16.
8
Convert 212 (base 3) to base 16.
17
What is -33 (base 16) in base 11?
-47
What is 2 (base 13) in base 11?
2
What is 5 (base 12) in base 15?
5
Convert 0 (base 8) to base 4.
0
What is 10 (base 3) in base 15?
3
-5 (base 12) to base 2
-101
What is 13 (base 15) in base 2?
10010
What is 5 (base 8) in base 9?
5
5 (base 10) to base 7
5
Convert 100022 (base 3) to base 12.
18b
What is 344 (base 9) in base 12?
1b7
Convert -23 (base 15) to base 11.
-30
70 (base 16) to base 3
11011
Convert -221 (base 3) to base 8.
-31
4 (base 15) to base 9
4
Convert -162 (base 11) to base 12.
-139
-2 (base 12) to base 14
-2
-111 (base 4) to base 16
-15
37 (base 11) to base 10
40
Convert b0 (base 13) to base 11.
120
What is 11 (base 11) in base 10?
12
-4 (base 16) to base 11
-4
What is -18 (base 10) in base 15?
-13
Convert 99 (base 15) to base 7.
264
What is 23 (base 8) in base 3?
201
Convert 7 (base 12) to base 2.
111
Convert -136 (base 9) to base 3.
-11020
Convert 1001011 (base 2) to base 13.
5a
-3 (base 9) to base 5
-3
What is 3 (base 9) in base 4?
3
Convert 202 (base 3) to base 15.
15
What is 9 (base 10) in base 15?
9
Convert 9 (base 10) to base 11.
9
Convert 1b (base 16) to base 14.
1d
10 (base 7) to base 16
7
Convert -73 (base 8) to base 3.
-2012
What is 101011010 (base 2) in base 3?
110211
Convert 1 (base 7) to base 12.
1
-17 (base 10) to base 16
-11
32 (base 4) to base 3
112
85 (base 12) to base 4
1211
-112 (base 7) to base 2
-111010
Convert -d (base 16) to base 9.
-14
What is -28 (base 11) in base 9?
-33
Convert -29a (base 11) to base 14.
-1b1
-8 (base 9) to base 2
-1000
What is -b (base 16) in base 3?
-102
What is 35 (base 7) in base 6?
42
Convert 6a (base 12) to base 11.
75
-1 (base 2) to base 10
-1
What is 2 (base 14) in base 15?
2
What is 308 (base 10) in base 14?
180
2 (base 5) to base 3
2
What is 31 (base 7) in base 11?
20
What is 10 (base 3) in base 14?
3
Convert -23 (base 12) to base 9.
-30
What is a4 (base 12) in base 11?
103
What is d0 (base 16) in base 9?
251
What is -3 (base 7) in base 14?
-3
Convert 3 (base 16) to base 13.
3
Convert 1 (base 8) to base 16.
1
-24 (base 15) to base 5
-114
What is -13 (base 16) in base 9?
-21
-24 (base 5) to base 6
-22
7 (base 12) to base 5
12
-11 (base 3) to base 6
-4
Convert 2 (base 7) to base 10.
2
21 (base 3) to base 12
7
What is 21 (base 6) in base 4?
31
Convert -1102 (base 6) to base 14.
-142
What is -5 (base 13) in base 6?
-5
Convert -34 (base 6) to base 7.
-31
Convert -52 (base 13) to base 15.
-47
What is 0 (base 2) in base 5?
0
Convert 11 (base 4) to base 6.
5
Convert -122 (base 6) to base 15.
-35
-112 (base 3) to base 5
-24
-92 (base 14) to base 11
-107
What is -3 (base 12) in base 10?
-3
2 (base 15) to base 6
2
-65 (base 8) to base 7
-104
8a (base 12) to base 6
254
Convert 0 (base 4) to base 7.
0
Convert -1b (base 12) to base 2.
-10111
-10 (base 9) to base 10
-9
What is 111 (base 6) in base 3?
1121
1 (base 14) to base 4
1
Convert 1010111 (base 2) to base 13.
69
What is -1 (base 11) in base 16?
-1
Convert -14 (base 13) to base 8.
-21
Convert 47 (base 13) to base 6.
135
Convert 6c (base 15) to base 7.
204
Convert 10 (base 5) to base 15.
5
Convert -2 (base 4) to base 3.
-2
-1 (base 16) to base 12
-1
Convert 1 (base 6) to base 9.
1
Convert 4 (base 12) to base 14.
4
Convert 3b (base 15) to base 12.
48
Convert -13 (base 14) to base 9.
-18
110011 (base 2) to base 15
36
Convert -1 (base 7) to base 12.
-1
Convert 21 (base 12) to base 9.
27
3 (base 15) to base 13
3
-103 (base 12) to base 13
-b4
What is 67 (base 14) in base 4?
1123
-5 (base 11) to base 3
-12
-3 (base 16) to base 2
-11
What is 0 (base 6) in base 16?
0
2 (base 15) to base 8
2
What is 41 (base 10) in base 9?
45
What is 0 (base 14) in base 3?
0
What is b (base 16) in base 14?
b
Convert 2 (base 3) to base 13.
2
-1000 (base 5) to base 6
-325
Convert 3 (base 5) to base 15.
3
Convert 230 (base 6) to base 15.
60
What is 1 (base 8) in base 9?
1
Convert 37 (base 9) to base 11.
31
Convert -122 (base 3) to base 13.
-14
-101010 (base 3) to base 5
-2043
Convert -33 (base 10) to base 13.
-27
-